{"id":21,"date":"2010-04-08T18:24:43","date_gmt":"2010-04-08T18:24:43","guid":{"rendered":"http:\/\/grms.ch\/w\/?page_id=21"},"modified":"2024-09-10T20:13:11","modified_gmt":"2024-09-10T20:13:11","slug":"corsi","status":"publish","type":"page","link":"https:\/\/www.grms.ch\/?page_id=21","title":{"rendered":"Iscrizioni online"},"content":{"rendered":"<p>Le iscrizioni verranno accettate solo attraverso il sistema di iscrizioni online.<\/p>\n<p><strong>Quando la scheda del corso indica che il corso \u00e8 completo puoi comunque inscriverti, ti considereremo in caso di disdetta di un altro partecipante o in caso di riproposta del corso. In ogni caso verrai contattato direttamente. Se un corso non si trova nella lista significa che non ci si pu\u00f2 pi\u00f9 iscrivere, i posti assegnati e la lista d&#8217;attesa risultano gi\u00e0 completi. <\/strong><\/p>\n<p><strong>Ricorda che se l&#8217;iscrizione \u00e9 stata eseguita correttamente devi ricevere un email di conferma (verifica eventualmente anche la cartella SPAM).<br \/>\n<\/strong><\/p>\n<p><strong>\u00a0<\/strong><\/p>\n<div align=\"center\"><iframe id=\"list\" src=\"in-script\/list.php\" onload='javascript:(function(o){o.style.height=o.contentWindow.document.body.scrollHeight+\"px\";}(this));' style=\"height:200px;width:100%;border:none;overflow:hidden;\" frameborder=\"0\" scrolling=\"no\"><\/iframe><\/div>\n","protected":false},"excerpt":{"rendered":"<p>Le iscrizioni verranno accettate solo attraverso il sistema di iscrizioni online. Quando la scheda del corso indica che il corso \u00e8 completo puoi comunque inscriverti, ti considereremo in caso di disdetta di un altro partecipante o in caso di riproposta del corso. In ogni caso verrai contattato direttamente. Se un corso non si trova nella [&hellip;]<\/p>\n","protected":false},"author":1,"featured_media":0,"parent":0,"menu_order":2,"comment_status":"closed","ping_status":"closed","template":"","meta":{"footnotes":""},"class_list":["post-21","page","type-page","status-publish","hentry"],"_links":{"self":[{"href":"https:\/\/www.grms.ch\/index.php?rest_route=\/wp\/v2\/pages\/21","targetHints":{"allow":["GET"]}}],"collection":[{"href":"https:\/\/www.grms.ch\/index.php?rest_route=\/wp\/v2\/pages"}],"about":[{"href":"https:\/\/www.grms.ch\/index.php?rest_route=\/wp\/v2\/types\/page"}],"author":[{"embeddable":true,"href":"https:\/\/www.grms.ch\/index.php?rest_route=\/wp\/v2\/users\/1"}],"replies":[{"embeddable":true,"href":"https:\/\/www.grms.ch\/index.php?rest_route=%2Fwp%2Fv2%2Fcomments&post=21"}],"version-history":[{"count":40,"href":"https:\/\/www.grms.ch\/index.php?rest_route=\/wp\/v2\/pages\/21\/revisions"}],"predecessor-version":[{"id":1004,"href":"https:\/\/www.grms.ch\/index.php?rest_route=\/wp\/v2\/pages\/21\/revisions\/1004"}],"wp:attachment":[{"href":"https:\/\/www.grms.ch\/index.php?rest_route=%2Fwp%2Fv2%2Fmedia&parent=21"}],"curies":[{"name":"wp","href":"https:\/\/api.w.org\/{rel}","templated":true}]}}